{"id":649,"date":"2025-03-12T12:50:24","date_gmt":"2025-03-12T11:50:24","guid":{"rendered":"https:\/\/pts-kk.pl\/?page_id=649"},"modified":"2025-03-18T13:39:13","modified_gmt":"2025-03-18T12:39:13","slug":"kontakt","status":"publish","type":"page","link":"https:\/\/pts-kk.pl\/index.php\/kontakt\/","title":{"rendered":"Kontakt"},"content":{"rendered":"\t\t<div data-elementor-type=\"wp-page\" data-elementor-id=\"649\" class=\"elementor elementor-649\">\n\t\t\t\t<header class=\"elementor-element elementor-element-1277e0a0 e-con-full e-flex e-con e-parent\" data-id=\"1277e0a0\" data-element_type=\"container\">\n\t\t<div class=\"elementor-element elementor-element-73541ea0 e-con-full e-flex e-con e-child\" data-id=\"73541ea0\" data-element_type=\"container\">\n\t\t\t\t<\/div>\n\t\t<div class=\"elementor-element elementor-element-6edbb40a e-con-full e-flex e-con e-child\" data-id=\"6edbb40a\" data-element_type=\"container\">\n\t\t\t\t<\/div>\n\t\t\t\t<\/header>\n\t\t<div class=\"elementor-element elementor-element-22dd9e32 e-con-full e-flex elementor-invisible e-con e-parent\" data-id=\"22dd9e32\" data-element_type=\"container\" data-settings=\"{&quot;animation&quot;:&quot;fadeInRight&quot;}\">\n\t\t<div class=\"elementor-element elementor-element-1ff14f1f e-con-full e-flex e-con e-child\" data-id=\"1ff14f1f\" data-element_type=\"container\">\n\t\t\t\t<div class=\"elementor-element elementor-element-6f764842 elementor-widget elementor-widget-heading\" data-id=\"6f764842\" data-element_type=\"widget\" data-widget_type=\"heading.default\">\n\t\t\t\t<div class=\"elementor-widget-container\">\n\t\t\t\t\t<h1 class=\"elementor-heading-title elementor-size-default\">Skontakuj si\u0119 z nami!<\/h1>\t\t\t\t<\/div>\n\t\t\t\t<\/div>\n\t\t\t\t<div class=\"elementor-element elementor-element-555e5a53 elementor-widget__width-initial elementor-widget elementor-widget-text-editor\" data-id=\"555e5a53\" data-element_type=\"widget\" data-widget_type=\"text-editor.default\">\n\t\t\t\t<div class=\"elementor-widget-container\">\n\t\t\t\t\t\t\t\t\t<p>Masz pytania? Chcesz z\u0142o\u017cy\u0107 zam\u00f3wienie? Skontaktuj si\u0119 z nami \u2013 ch\u0119tnie pomo\u017cemy!<\/p>\t\t\t\t\t\t\t\t<\/div>\n\t\t\t\t<\/div>\n\t\t\t\t<\/div>\n\t\t<div class=\"elementor-element elementor-element-1c65bc8a e-con-full e-flex e-con e-child\" data-id=\"1c65bc8a\" data-element_type=\"container\">\n\t\t\t\t<div class=\"elementor-element elementor-element-503c7523 elementor-widget elementor-widget-image\" data-id=\"503c7523\" data-element_type=\"widget\" data-widget_type=\"image.default\">\n\t\t\t\t<div class=\"elementor-widget-container\">\n\t\t\t\t\t\t\t\t\t\t\t\t\t\t\t<img fetchpriority=\"high\" decoding=\"async\" width=\"780\" height=\"648\" src=\"http:\/\/pts-kk.pl\/wp-content\/uploads\/2025\/03\/accountan4-home-pic1-1.webp\" class=\"attachment-large size-large wp-image-657\" alt=\"\" srcset=\"http:\/\/pts-kk.pl\/wp-content\/uploads\/2025\/03\/accountan4-home-pic1-1.webp 780w, http:\/\/pts-kk.pl\/wp-content\/uploads\/2025\/03\/accountan4-home-pic1-1-300x249.webp 300w, http:\/\/pts-kk.pl\/wp-content\/uploads\/2025\/03\/accountan4-home-pic1-1-768x638.webp 768w\" sizes=\"(max-width: 780px) 100vw, 780px\" \/>\t\t\t\t\t\t\t\t\t\t\t\t\t\t\t<\/div>\n\t\t\t\t<\/div>\n\t\t\t\t<\/div>\n\t\t\t\t<\/div>\n\t\t<div class=\"elementor-element elementor-element-1f3423dd e-con-full e-flex elementor-invisible e-con e-parent\" data-id=\"1f3423dd\" data-element_type=\"container\" data-settings=\"{&quot;background_background&quot;:&quot;classic&quot;,&quot;animation&quot;:&quot;fadeInRight&quot;}\">\n\t\t<div class=\"elementor-element elementor-element-62c20d41 e-con-full e-flex e-con e-child\" data-id=\"62c20d41\" data-element_type=\"container\">\n\t\t\t\t<div class=\"elementor-element elementor-element-4a8a9473 elementor-widget elementor-widget-image\" data-id=\"4a8a9473\" data-element_type=\"widget\" data-widget_type=\"image.default\">\n\t\t\t\t<div class=\"elementor-widget-container\">\n\t\t\t\t\t\t\t\t\t\t\t\t\t\t\t<img decoding=\"async\" width=\"1024\" height=\"772\" src=\"http:\/\/pts-kk.pl\/wp-content\/uploads\/2025\/03\/pts-kontakt-1024x772.jpg\" class=\"attachment-large size-large wp-image-656\" alt=\"\" srcset=\"http:\/\/pts-kk.pl\/wp-content\/uploads\/2025\/03\/pts-kontakt-1024x772.jpg 1024w, http:\/\/pts-kk.pl\/wp-content\/uploads\/2025\/03\/pts-kontakt-300x226.jpg 300w, http:\/\/pts-kk.pl\/wp-content\/uploads\/2025\/03\/pts-kontakt-768x579.jpg 768w, http:\/\/pts-kk.pl\/wp-content\/uploads\/2025\/03\/pts-kontakt-1433x1080.jpg 1433w, http:\/\/pts-kk.pl\/wp-content\/uploads\/2025\/03\/pts-kontakt.jpg 1503w\" sizes=\"(max-width: 1024px) 100vw, 1024px\" \/>\t\t\t\t\t\t\t\t\t\t\t\t\t\t\t<\/div>\n\t\t\t\t<\/div>\n\t\t\t\t<\/div>\n\t\t<div class=\"elementor-element elementor-element-6905eb0b e-con-full e-flex e-con e-child\" data-id=\"6905eb0b\" data-element_type=\"container\">\n\t\t\t\t<div class=\"elementor-element elementor-element-124d8a33 elementor-align-left elementor-icon-list--layout-traditional elementor-list-item-link-full_width elementor-widget elementor-widget-icon-list\" data-id=\"124d8a33\" data-element_type=\"widget\" data-widget_type=\"icon-list.default\">\n\t\t\t\t<div class=\"elementor-widget-container\">\n\t\t\t\t\t\t\t<ul class=\"elementor-icon-list-items\">\n\t\t\t\t\t\t\t<li class=\"elementor-icon-list-item\">\n\t\t\t\t\t\t\t\t\t\t<span class=\"elementor-icon-list-text\"><b>Adres:<\/b> 164c Pustk\u00f3w, 39-205 Pustk\u00f3w<\/span>\n\t\t\t\t\t\t\t\t\t<\/li>\n\t\t\t\t\t\t\t\t<li class=\"elementor-icon-list-item\">\n\t\t\t\t\t\t\t\t\t\t<span class=\"elementor-icon-list-text\"><b>Godziny pracy:<\/b> Pon - Pt 7:00 - 15:00<\/span>\n\t\t\t\t\t\t\t\t\t<\/li>\n\t\t\t\t\t\t\t\t<li class=\"elementor-icon-list-item\">\n\t\t\t\t\t\t\t\t\t\t<span class=\"elementor-icon-list-text\"><b>Telefon:<\/b> 14-68-21-509 <\/span>\n\t\t\t\t\t\t\t\t\t<\/li>\n\t\t\t\t\t\t\t\t<li class=\"elementor-icon-list-item\">\n\t\t\t\t\t\t\t\t\t\t<span class=\"elementor-icon-list-text\"><b>Email:<\/b> biuro@pts-kk.pl<\/span>\n\t\t\t\t\t\t\t\t\t<\/li>\n\t\t\t\t\t\t<\/ul>\n\t\t\t\t\t\t<\/div>\n\t\t\t\t<\/div>\n\t\t\t\t<\/div>\n\t\t\t\t<\/div>\n\t\t<div class=\"elementor-element elementor-element-5fa21c7 e-flex e-con-boxed elementor-invisible e-con e-parent\" data-id=\"5fa21c7\" data-element_type=\"container\" data-settings=\"{&quot;animation&quot;:&quot;fadeInRight&quot;}\">\n\t\t\t\t\t<div class=\"e-con-inner\">\n\t\t<div class=\"elementor-element elementor-element-4e1ee35 e-con-full e-flex e-con e-child\" data-id=\"4e1ee35\" data-element_type=\"container\">\n\t\t\t\t<\/div>\n\t\t\t\t<div class=\"elementor-element elementor-element-ffc1d82 elementor-widget elementor-widget-heading\" data-id=\"ffc1d82\" data-element_type=\"widget\" data-widget_type=\"heading.default\">\n\t\t\t\t<div class=\"elementor-widget-container\">\n\t\t\t\t\t<h2 class=\"elementor-heading-title elementor-size-default\">Formularz Kontaktowy<\/h2>\t\t\t\t<\/div>\n\t\t\t\t<\/div>\n\t\t<div class=\"elementor-element elementor-element-5176c4b e-con-full e-flex e-con e-child\" data-id=\"5176c4b\" data-element_type=\"container\">\n\t\t\t\t<div class=\"elementor-element elementor-element-fa4f6bf elementor-widget elementor-widget-wp-widget-forminator_widget\" data-id=\"fa4f6bf\" data-element_type=\"widget\" data-widget_type=\"wp-widget-forminator_widget.default\">\n\t\t\t\t<div class=\"elementor-widget-container\">\n\t\t\t\t\t<div class=\"forminator-ui forminator-custom-form forminator-custom-form-954 forminator-design--default  forminator_ajax\" data-forminator-render=\"0\" data-form=\"forminator-module-954\" data-uid=\"6a04b8e9731d6\"><br\/><\/div><form\n\t\t\t\tid=\"forminator-module-954\"\n\t\t\t\tclass=\"forminator-ui forminator-custom-form forminator-custom-form-954 forminator-design--default  forminator_ajax\"\n\t\t\t\tmethod=\"post\"\n\t\t\t\tdata-forminator-render=\"0\"\n\t\t\t\tdata-form-id=\"954\"\n\t\t\t\t\n\t\t\t\tdata-design=\"default\"\n\t\t\t\t\n\t\t\t\t\n\t\t\t\t\n\t\t\t\tdata-grid=\"open\"\n\t\t\t\t\n\t\t\t\t\n\t\t\t\tstyle=\"display: none;\"\n\t\t\t\t\n\t\t\t\tdata-uid=\"6a04b8e9731d6\"\n\t\t\t><div role=\"alert\" aria-live=\"polite\" class=\"forminator-response-message forminator-error\" aria-hidden=\"true\"><\/div><div class=\"forminator-row\"><div id=\"name-1\" class=\"forminator-field-name forminator-col forminator-col-12 \"><div class=\"forminator-field\"><label for=\"forminator-field-name-1_6a04b8e9731d6\" id=\"forminator-field-name-1_6a04b8e9731d6-label\" class=\"forminator-label\">Imi\u0119 <span class=\"forminator-required\">*<\/span><\/label><input type=\"text\" name=\"name-1\" value=\"\" placeholder=\"Na przyk\u0142ad: Jan\" id=\"forminator-field-name-1_6a04b8e9731d6\" class=\"forminator-input forminator-name--field\" aria-required=\"true\" \/><\/div><\/div><\/div><div class=\"forminator-row\"><div id=\"email-1\" class=\"forminator-field-email forminator-col forminator-col-12 \"><div class=\"forminator-field\"><label for=\"forminator-field-email-1_6a04b8e9731d6\" id=\"forminator-field-email-1_6a04b8e9731d6-label\" class=\"forminator-label\">Adres e-mail <span class=\"forminator-required\">*<\/span><\/label><input type=\"email\" name=\"email-1\" value=\"\" placeholder=\"Na przyk\u0142ad: jan@kowalski.com\" id=\"forminator-field-email-1_6a04b8e9731d6\" class=\"forminator-input forminator-email--field\" data-required=\"true\" aria-required=\"true\" \/><\/div><\/div><\/div><div class=\"forminator-row\"><div id=\"phone-1\" class=\"forminator-field-phone forminator-col forminator-col-12 \"><div class=\"forminator-field\"><label for=\"forminator-field-phone-1_6a04b8e9731d6\" id=\"forminator-field-phone-1_6a04b8e9731d6-label\" class=\"forminator-label\">Numer telefonu <span class=\"forminator-required\">*<\/span><\/label><input type=\"text\" name=\"phone-1\" value=\"\" placeholder=\"Przyk\u0142ad. +48 100 200 300\" id=\"forminator-field-phone-1_6a04b8e9731d6\" class=\"forminator-input forminator-field--phone\" data-required=\"1\" aria-required=\"true\" autocomplete=\"off\" \/><\/div><\/div><\/div><div class=\"forminator-row\"><div id=\"textarea-1\" class=\"forminator-field-textarea forminator-col forminator-col-12 \"><div class=\"forminator-field\"><label for=\"forminator-field-textarea-1_6a04b8e9731d6\" id=\"forminator-field-textarea-1_6a04b8e9731d6-label\" class=\"forminator-label\">Wiadomo\u015b\u0107 <span class=\"forminator-required\">*<\/span><\/label><span id=\"forminator-field-textarea-1_6a04b8e9731d6-description\" class=\"forminator-description\"><span data-limit=\"180\" data-type=\"characters\" data-editor=\"\">0 \/ 180<\/span><\/span><textarea name=\"textarea-1\" placeholder=\"Wpisz swoj\u0105 wiadomo\u015b\u0107...\" id=\"forminator-field-textarea-1_6a04b8e9731d6\" class=\"forminator-textarea\" rows=\"6\" style=\"min-height:140px;\" maxlength=\"180\" ><\/textarea><\/div><\/div><\/div><input type=\"hidden\" name=\"referer_url\" value=\"\" \/><div class=\"forminator-row forminator-row-last\"><div class=\"forminator-col\"><div class=\"forminator-field\"><button class=\"forminator-button forminator-button-submit\">Wy\u015blij wiadomo\u015b\u0107<\/button><\/div><\/div><\/div><input type=\"hidden\" id=\"forminator_nonce\" name=\"forminator_nonce\" value=\"673dc0417b\" \/><input type=\"hidden\" name=\"_wp_http_referer\" value=\"\/index.php\/wp-json\/wp\/v2\/pages\/649\" \/><input type=\"hidden\" name=\"form_id\" value=\"954\"><input type=\"hidden\" name=\"page_id\" value=\"649\"><input type=\"hidden\" name=\"form_type\" value=\"default\"><input type=\"hidden\" name=\"current_url\" value=\"https:\/\/pts-kk.pl\/index.php\/kontakt\/\"><input type=\"hidden\" name=\"render_id\" value=\"0\"><input type=\"hidden\" name=\"action\" value=\"forminator_submit_form_custom-forms\"><\/form>\t\t\t\t<\/div>\n\t\t\t\t<\/div>\n\t\t\t\t<\/div>\n\t\t\t\t\t<\/div>\n\t\t\t\t<\/div>\n\t\t<div class=\"elementor-element elementor-element-492cd07e e-con-full e-flex elementor-invisible e-con e-parent\" data-id=\"492cd07e\" data-element_type=\"container\" data-settings=\"{&quot;animation&quot;:&quot;fadeInRight&quot;}\">\n\t\t<div class=\"elementor-element elementor-element-36d456d e-con-full e-flex e-con e-child\" data-id=\"36d456d\" data-element_type=\"container\" data-settings=\"{&quot;background_background&quot;:&quot;classic&quot;}\">\n\t\t\t\t<div class=\"elementor-element elementor-element-702fa08e elementor-widget elementor-widget-google_maps\" data-id=\"702fa08e\" data-element_type=\"widget\" data-widget_type=\"google_maps.default\">\n\t\t\t\t<div class=\"elementor-widget-container\">\n\t\t\t\t\t\t\t<div class=\"elementor-custom-embed\">\n\t\t\t<iframe loading=\"lazy\"\n\t\t\t\t\tsrc=\"https:\/\/maps.google.com\/maps?q=164c%20Pustk%C3%B3w%20%2039-205%20Pustk%C3%B3w&#038;t=m&#038;z=16&#038;output=embed&#038;iwloc=near\"\n\t\t\t\t\ttitle=\"164c Pustk\u00f3w  39-205 Pustk\u00f3w\"\n\t\t\t\t\taria-label=\"164c Pustk\u00f3w  39-205 Pustk\u00f3w\"\n\t\t\t><\/iframe>\n\t\t<\/div>\n\t\t\t\t\t\t<\/div>\n\t\t\t\t<\/div>\n\t\t\t\t<\/div>\n\t\t<div class=\"elementor-element elementor-element-7b03df84 e-con-full e-flex e-con e-child\" data-id=\"7b03df84\" data-element_type=\"container\">\n\t\t\t\t<div class=\"elementor-element elementor-element-59091ef9 elementor-widget elementor-widget-heading\" data-id=\"59091ef9\" data-element_type=\"widget\" data-widget_type=\"heading.default\">\n\t\t\t\t<div class=\"elementor-widget-container\">\n\t\t\t\t\t<h2 class=\"elementor-heading-title elementor-size-default\">Odwied\u017a nas<\/h2>\t\t\t\t<\/div>\n\t\t\t\t<\/div>\n\t\t\t\t<div class=\"elementor-element elementor-element-67d9e89f elementor-widget elementor-widget-icon-box\" data-id=\"67d9e89f\" data-element_type=\"widget\" data-widget_type=\"icon-box.default\">\n\t\t\t\t<div class=\"elementor-widget-container\">\n\t\t\t\t\t\t\t<div class=\"elementor-icon-box-wrapper\">\n\n\t\t\t\n\t\t\t\t\t\t<div class=\"elementor-icon-box-content\">\n\n\t\t\t\t\t\t\t\t\t<h4 class=\"elementor-icon-box-title\">\n\t\t\t\t\t\t<span  >\n\t\t\t\t\t\t\tAdres:\t\t\t\t\t\t<\/span>\n\t\t\t\t\t<\/h4>\n\t\t\t\t\n\t\t\t\t\t\t\t\t\t<p class=\"elementor-icon-box-description\">\n\t\t\t\t\t\t164c Pustk\u00f3w, 39-205 Pustk\u00f3w\t\t\t\t\t<\/p>\n\t\t\t\t\n\t\t\t<\/div>\n\t\t\t\n\t\t<\/div>\n\t\t\t\t\t\t<\/div>\n\t\t\t\t<\/div>\n\t\t\t\t<\/div>\n\t\t\t\t<\/div>\n\t\t\t\t<\/div>\n\t\t","protected":false},"excerpt":{"rendered":"<p>Skontakuj si\u0119 z nami! Masz pytania? Chcesz z\u0142o\u017cy\u0107 zam\u00f3wienie? Skontaktuj si\u0119 z nami \u2013 ch\u0119tnie pomo\u017cemy! Adres: 164c Pustk\u00f3w, 39-205 [&hellip;]<\/p>\n","protected":false},"author":1,"featured_media":0,"parent":0,"menu_order":0,"comment_status":"closed","ping_status":"closed","template":"kubio-full-width","meta":{"saved_in_kubio":true,"site-sidebar-layout":"no-sidebar","site-content-layout":"","ast-site-content-layout":"full-width-container","site-content-style":"default","site-sidebar-style":"default","ast-global-header-display":"","ast-banner-title-visibility":"","ast-main-header-display":"","ast-hfb-above-header-display":"","ast-hfb-below-header-display":"","ast-hfb-mobile-header-display":"","site-post-title":"disabled","ast-breadcrumbs-content":"","ast-featured-img":"disabled","footer-sml-layout":"","theme-transparent-header-meta":"default","adv-header-id-meta":"","stick-header-meta":"","header-above-stick-meta":"","header-main-stick-meta":"","header-below-stick-meta":"","astra-migrate-meta-layouts":"set","ast-page-background-enabled":"default","ast-page-background-meta":{"desktop":{"background-color":"var(--ast-global-color-5)","background-image":"","background-repeat":"repeat","background-position":"center center","background-size":"auto","background-attachment":"scroll","background-type":"","background-media":"","overlay-type":"","overlay-color":"","overlay-opacity":"","overlay-gradient":""},"tablet":{"background-color":"","background-image":"","background-repeat":"repeat","background-position":"center center","background-size":"auto","background-attachment":"scroll","background-type":"","background-media":"","overlay-type":"","overlay-color":"","overlay-opacity":"","overlay-gradient":""},"mobile":{"background-color":"","background-image":"","background-repeat":"repeat","background-position":"center center","background-size":"auto","background-attachment":"scroll","background-type":"","background-media":"","overlay-type":"","overlay-color":"","overlay-opacity":"","overlay-gradient":""}},"ast-content-background-meta":{"desktop":{"background-color":"var(--ast-global-color-4)","background-image":"","background-repeat":"repeat","background-position":"center center","background-size":"auto","background-attachment":"scroll","background-type":"","background-media":"","overlay-type":"","overlay-color":"","overlay-opacity":"","overlay-gradient":""},"tablet":{"background-color":"var(--ast-global-color-4)","background-image":"","background-repeat":"repeat","background-position":"center center","background-size":"auto","background-attachment":"scroll","background-type":"","background-media":"","overlay-type":"","overlay-color":"","overlay-opacity":"","overlay-gradient":""},"mobile":{"background-color":"var(--ast-global-color-4)","background-image":"","background-repeat":"repeat","background-position":"center center","background-size":"auto","background-attachment":"scroll","background-type":"","background-media":"","overlay-type":"","overlay-color":"","overlay-opacity":"","overlay-gradient":""}},"_kadence_starter_templates_imported_post":false,"footnotes":""},"class_list":["post-649","page","type-page","status-publish","hentry"],"kubio_ai_page_context":{"short_desc":"","purpose":"general"},"yoast_head":"<!-- This site is optimized with the Yoast SEO plugin v24.6 - https:\/\/yoast.com\/wordpress\/plugins\/seo\/ -->\n<title>Kontakt -<\/title>\n<meta name=\"robots\" content=\"index, follow, max-snippet:-1, max-image-preview:large, max-video-preview:-1\" \/>\n<link rel=\"canonical\" href=\"http:\/\/pts-kk.pl\/index.php\/kontakt\/\" \/>\n<meta property=\"og:locale\" content=\"pl_PL\" \/>\n<meta property=\"og:type\" content=\"article\" \/>\n<meta property=\"og:title\" content=\"Kontakt -\" \/>\n<meta property=\"og:description\" content=\"Skontakuj si\u0119 z nami! Masz pytania? Chcesz z\u0142o\u017cy\u0107 zam\u00f3wienie? Skontaktuj si\u0119 z nami \u2013 ch\u0119tnie pomo\u017cemy! Adres: 164c Pustk\u00f3w, 39-205 [&hellip;]\" \/>\n<meta property=\"og:url\" content=\"http:\/\/pts-kk.pl\/index.php\/kontakt\/\" \/>\n<meta property=\"article:modified_time\" content=\"2025-03-18T12:39:13+00:00\" \/>\n<meta property=\"og:image\" content=\"http:\/\/pts-kk.pl\/wp-content\/uploads\/2025\/03\/accountan4-home-pic1-1.webp\" \/>\n<meta name=\"twitter:card\" content=\"summary_large_image\" \/>\n<meta name=\"twitter:label1\" content=\"Szacowany czas czytania\" \/>\n\t<meta name=\"twitter:data1\" content=\"1 minuta\" \/>\n<script type=\"application\/ld+json\" class=\"yoast-schema-graph\">{\"@context\":\"https:\/\/schema.org\",\"@graph\":[{\"@type\":\"WebPage\",\"@id\":\"http:\/\/pts-kk.pl\/index.php\/kontakt\/\",\"url\":\"http:\/\/pts-kk.pl\/index.php\/kontakt\/\",\"name\":\"Kontakt -\",\"isPartOf\":{\"@id\":\"http:\/\/pts-kk.pl\/#website\"},\"primaryImageOfPage\":{\"@id\":\"http:\/\/pts-kk.pl\/index.php\/kontakt\/#primaryimage\"},\"image\":{\"@id\":\"http:\/\/pts-kk.pl\/index.php\/kontakt\/#primaryimage\"},\"thumbnailUrl\":\"http:\/\/pts-kk.pl\/wp-content\/uploads\/2025\/03\/accountan4-home-pic1-1.webp\",\"datePublished\":\"2025-03-12T11:50:24+00:00\",\"dateModified\":\"2025-03-18T12:39:13+00:00\",\"breadcrumb\":{\"@id\":\"http:\/\/pts-kk.pl\/index.php\/kontakt\/#breadcrumb\"},\"inLanguage\":\"pl-PL\",\"potentialAction\":[{\"@type\":\"ReadAction\",\"target\":[\"http:\/\/pts-kk.pl\/index.php\/kontakt\/\"]}]},{\"@type\":\"ImageObject\",\"inLanguage\":\"pl-PL\",\"@id\":\"http:\/\/pts-kk.pl\/index.php\/kontakt\/#primaryimage\",\"url\":\"https:\/\/pts-kk.pl\/wp-content\/uploads\/2025\/03\/accountan4-home-pic1-1.webp\",\"contentUrl\":\"https:\/\/pts-kk.pl\/wp-content\/uploads\/2025\/03\/accountan4-home-pic1-1.webp\",\"width\":780,\"height\":648},{\"@type\":\"BreadcrumbList\",\"@id\":\"http:\/\/pts-kk.pl\/index.php\/kontakt\/#breadcrumb\",\"itemListElement\":[{\"@type\":\"ListItem\",\"position\":1,\"name\":\"Home\",\"item\":\"http:\/\/pts-kk.pl\/\"},{\"@type\":\"ListItem\",\"position\":2,\"name\":\"Kontakt\"}]},{\"@type\":\"WebSite\",\"@id\":\"http:\/\/pts-kk.pl\/#website\",\"url\":\"http:\/\/pts-kk.pl\/\",\"name\":\"\",\"description\":\"\",\"potentialAction\":[{\"@type\":\"SearchAction\",\"target\":{\"@type\":\"EntryPoint\",\"urlTemplate\":\"http:\/\/pts-kk.pl\/?s={search_term_string}\"},\"query-input\":{\"@type\":\"PropertyValueSpecification\",\"valueRequired\":true,\"valueName\":\"search_term_string\"}}],\"inLanguage\":\"pl-PL\"}]}<\/script>\n<!-- \/ Yoast SEO plugin. -->","yoast_head_json":{"title":"Kontakt -","robots":{"index":"index","follow":"follow","max-snippet":"max-snippet:-1","max-image-preview":"max-image-preview:large","max-video-preview":"max-video-preview:-1"},"canonical":"http:\/\/pts-kk.pl\/index.php\/kontakt\/","og_locale":"pl_PL","og_type":"article","og_title":"Kontakt -","og_description":"Skontakuj si\u0119 z nami! Masz pytania? Chcesz z\u0142o\u017cy\u0107 zam\u00f3wienie? Skontaktuj si\u0119 z nami \u2013 ch\u0119tnie pomo\u017cemy! Adres: 164c Pustk\u00f3w, 39-205 [&hellip;]","og_url":"http:\/\/pts-kk.pl\/index.php\/kontakt\/","article_modified_time":"2025-03-18T12:39:13+00:00","og_image":[{"url":"http:\/\/pts-kk.pl\/wp-content\/uploads\/2025\/03\/accountan4-home-pic1-1.webp","type":"","width":"","height":""}],"twitter_card":"summary_large_image","twitter_misc":{"Szacowany czas czytania":"1 minuta"},"schema":{"@context":"https:\/\/schema.org","@graph":[{"@type":"WebPage","@id":"http:\/\/pts-kk.pl\/index.php\/kontakt\/","url":"http:\/\/pts-kk.pl\/index.php\/kontakt\/","name":"Kontakt -","isPartOf":{"@id":"http:\/\/pts-kk.pl\/#website"},"primaryImageOfPage":{"@id":"http:\/\/pts-kk.pl\/index.php\/kontakt\/#primaryimage"},"image":{"@id":"http:\/\/pts-kk.pl\/index.php\/kontakt\/#primaryimage"},"thumbnailUrl":"http:\/\/pts-kk.pl\/wp-content\/uploads\/2025\/03\/accountan4-home-pic1-1.webp","datePublished":"2025-03-12T11:50:24+00:00","dateModified":"2025-03-18T12:39:13+00:00","breadcrumb":{"@id":"http:\/\/pts-kk.pl\/index.php\/kontakt\/#breadcrumb"},"inLanguage":"pl-PL","potentialAction":[{"@type":"ReadAction","target":["http:\/\/pts-kk.pl\/index.php\/kontakt\/"]}]},{"@type":"ImageObject","inLanguage":"pl-PL","@id":"http:\/\/pts-kk.pl\/index.php\/kontakt\/#primaryimage","url":"https:\/\/pts-kk.pl\/wp-content\/uploads\/2025\/03\/accountan4-home-pic1-1.webp","contentUrl":"https:\/\/pts-kk.pl\/wp-content\/uploads\/2025\/03\/accountan4-home-pic1-1.webp","width":780,"height":648},{"@type":"BreadcrumbList","@id":"http:\/\/pts-kk.pl\/index.php\/kontakt\/#breadcrumb","itemListElement":[{"@type":"ListItem","position":1,"name":"Home","item":"http:\/\/pts-kk.pl\/"},{"@type":"ListItem","position":2,"name":"Kontakt"}]},{"@type":"WebSite","@id":"http:\/\/pts-kk.pl\/#website","url":"http:\/\/pts-kk.pl\/","name":"","description":"","potentialAction":[{"@type":"SearchAction","target":{"@type":"EntryPoint","urlTemplate":"http:\/\/pts-kk.pl\/?s={search_term_string}"},"query-input":{"@type":"PropertyValueSpecification","valueRequired":true,"valueName":"search_term_string"}}],"inLanguage":"pl-PL"}]}},"_links":{"self":[{"href":"https:\/\/pts-kk.pl\/index.php\/wp-json\/wp\/v2\/pages\/649","targetHints":{"allow":["GET"]}}],"collection":[{"href":"https:\/\/pts-kk.pl\/index.php\/wp-json\/wp\/v2\/pages"}],"about":[{"href":"https:\/\/pts-kk.pl\/index.php\/wp-json\/wp\/v2\/types\/page"}],"author":[{"embeddable":true,"href":"https:\/\/pts-kk.pl\/index.php\/wp-json\/wp\/v2\/users\/1"}],"replies":[{"embeddable":true,"href":"https:\/\/pts-kk.pl\/index.php\/wp-json\/wp\/v2\/comments?post=649"}],"version-history":[{"count":43,"href":"https:\/\/pts-kk.pl\/index.php\/wp-json\/wp\/v2\/pages\/649\/revisions"}],"predecessor-version":[{"id":962,"href":"https:\/\/pts-kk.pl\/index.php\/wp-json\/wp\/v2\/pages\/649\/revisions\/962"}],"wp:attachment":[{"href":"https:\/\/pts-kk.pl\/index.php\/wp-json\/wp\/v2\/media?parent=649"}],"curies":[{"name":"wp","href":"https:\/\/api.w.org\/{rel}","templated":true}]}}